{"id":835,"date":"2022-04-25T15:58:33","date_gmt":"2022-04-25T15:58:33","guid":{"rendered":"https:\/\/acsantiago.org\/?page_id=835"},"modified":"2022-05-24T14:14:00","modified_gmt":"2022-05-24T14:14:00","slug":"elementor-835","status":"publish","type":"page","link":"https:\/\/acsantiago.org\/index.php\/elementor-835\/","title":{"rendered":"2.- Acto en la Brigada de la Legi\u00f3n Rey Alfonso XIII (Marzo 2022)"},"content":{"rendered":"\t\t<div data-elementor-type=\"wp-page\" data-elementor-id=\"835\" class=\"elementor elementor-835\">\n\t\t\t\t\t\t<section class=\"elementor-section elementor-top-section elementor-element elementor-element-8134501 elementor-section-boxed elementor-section-height-default elementor-section-height-default\" data-id=\"8134501\" data-element_type=\"section\" data-e-type=\"section\">\n\t\t\t\t\t\t<div class=\"elementor-container elementor-column-gap-default\">\n\t\t\t\t\t<div class=\"elementor-column elementor-col-100 elementor-top-column elementor-element elementor-element-c946e4c\" data-id=\"c946e4c\" data-element_type=\"column\" data-e-type=\"column\">\n\t\t\t<div class=\"elementor-widget-wrap elementor-element-populated\">\n\t\t\t\t\t\t<div class=\"elementor-element elementor-element-551a362 elementor-widget elementor-widget-text-editor\" data-id=\"551a362\" data-element_type=\"widget\" data-e-type=\"widget\" data-widget_type=\"text-editor.default\">\n\t\t\t\t<div class=\"elementor-widget-container\">\n\t\t\t\t\t\t\t\t\t<h3><strong>2.- Acto en la Brigada de la Legi\u00f3n Rey Alfonso XIII (MARZO 2022)<\/strong><\/h3>\t\t\t\t\t\t\t\t<\/div>\n\t\t\t\t<\/div>\n\t\t\t\t\t<\/div>\n\t\t<\/div>\n\t\t\t\t\t<\/div>\n\t\t<\/section>\n\t\t\t\t<section class=\"elementor-section elementor-top-section elementor-element elementor-element-6ec79e0 elementor-section-boxed elementor-section-height-default elementor-section-height-default\" data-id=\"6ec79e0\" data-element_type=\"section\" data-e-type=\"section\">\n\t\t\t\t\t\t<div class=\"elementor-container elementor-column-gap-default\">\n\t\t\t\t\t<div class=\"elementor-column elementor-col-100 elementor-top-column elementor-element elementor-element-35ecb01\" data-id=\"35ecb01\" data-element_type=\"column\" data-e-type=\"column\">\n\t\t\t<div class=\"elementor-widget-wrap elementor-element-populated\">\n\t\t\t\t\t\t<div class=\"elementor-element elementor-element-8d82ccb elementor-widget elementor-widget-text-editor\" data-id=\"8d82ccb\" data-element_type=\"widget\" data-e-type=\"widget\" data-widget_type=\"text-editor.default\">\n\t\t\t\t<div class=\"elementor-widget-container\">\n\t\t\t\t\t\t\t\t\t<p><span style=\"color: #333333;\">El pasado 11 de Marzo tuvo lugar en la Brigada de la Legi\u00f3n Rey Alfonso XIII, la entrega de la replica del cuadro del centenario a cargo de la Asociaci\u00f3n Nacional de Legionarios de Honor \u201cOrtega Munilla\u201d.<\/span><\/p><p><span style=\"color: #333333;\">El acto fue presidido por el General de la Brileg Excmo. Sr. D. Melchor Mar\u00edn, as\u00ed como el presidente de la fundaci\u00f3n Excmo. Sr. D. Francisco Fern\u00e1ndez Verni.<\/span><\/p><p><span style=\"color: #333333;\">Entre los actos de este emotivo d\u00eda, se llev\u00f3 a cabo una exhibici\u00f3n a cargo de los Gastadores y la Banda de Guerra, as\u00ed como un responso por todos los que han dado su vida por Espa\u00f1a y Victimas del Terrorismo, con la colocaci\u00f3n de una corona de laurel a cargo del Delegado de la Asociaci\u00f3n en Ja\u00e9n y el Presidente de la Asoc. Cultural Santiago.<\/span><\/p><p><span style=\"color: #333333;\">La jornada termino con un vino de confraternizaci\u00f3n brindando por S.M el Rey, la Legi\u00f3n y Espa\u00f1a.<\/span><\/p>\t\t\t\t\t\t\t\t<\/div>\n\t\t\t\t<\/div>\n\t\t\t\t\t<\/div>\n\t\t<\/div>\n\t\t\t\t\t<\/div>\n\t\t<\/section>\n\t\t\t\t<section class=\"elementor-section elementor-top-section elementor-element elementor-element-51bc834 elementor-section-boxed elementor-section-height-default elementor-section-height-default\" data-id=\"51bc834\" data-element_type=\"section\" data-e-type=\"section\">\n\t\t\t\t\t\t<div class=\"elementor-container elementor-column-gap-default\">\n\t\t\t\t\t<div class=\"elementor-column elementor-col-25 elementor-top-column elementor-element elementor-element-8904573\" data-id=\"8904573\" data-element_type=\"column\" data-e-type=\"column\">\n\t\t\t<div class=\"elementor-widget-wrap elementor-element-populated\">\n\t\t\t\t\t\t<div class=\"elementor-element elementor-element-b3c06d9 elementor-widget elementor-widget-image\" data-id=\"b3c06d9\" data-element_type=\"widget\" data-e-type=\"widget\" data-widget_type=\"image.default\">\n\t\t\t\t<div class=\"elementor-widget-container\">\n\t\t\t\t\t\t\t\t\t\t\t\t\t\t\t<img fetchpriority=\"high\" decoding=\"async\" width=\"1024\" height=\"682\" src=\"https:\/\/acsantiago.org\/wp-content\/uploads\/2022\/03\/IMG-20220312-WA0019.jpg\" class=\"attachment-large size-large wp-image-169\" alt=\"\" srcset=\"https:\/\/acsantiago.org\/wp-content\/uploads\/2022\/03\/IMG-20220312-WA0019.jpg 1024w, https:\/\/acsantiago.org\/wp-content\/uploads\/2022\/03\/IMG-20220312-WA0019-300x200.jpg 300w, https:\/\/acsantiago.org\/wp-content\/uploads\/2022\/03\/IMG-20220312-WA0019-768x512.jpg 768w\" sizes=\"(max-width: 1024px) 100vw, 1024px\" \/>\t\t\t\t\t\t\t\t\t\t\t\t\t\t\t<\/div>\n\t\t\t\t<\/div>\n\t\t\t\t\t<\/div>\n\t\t<\/div>\n\t\t\t\t<div class=\"elementor-column elementor-col-25 elementor-top-column elementor-element elementor-element-c5b0f43\" data-id=\"c5b0f43\" data-element_type=\"column\" data-e-type=\"column\">\n\t\t\t<div class=\"elementor-widget-wrap elementor-element-populated\">\n\t\t\t\t\t\t<div class=\"elementor-element elementor-element-2143608 elementor-widget elementor-widget-image\" data-id=\"2143608\" data-element_type=\"widget\" data-e-type=\"widget\" data-widget_type=\"image.default\">\n\t\t\t\t<div class=\"elementor-widget-container\">\n\t\t\t\t\t\t\t\t\t\t\t\t\t\t\t<img decoding=\"async\" width=\"1024\" height=\"682\" src=\"https:\/\/acsantiago.org\/wp-content\/uploads\/2022\/03\/IMG-20220312-WA0017.jpg\" class=\"attachment-large size-large wp-image-168\" alt=\"\" srcset=\"https:\/\/acsantiago.org\/wp-content\/uploads\/2022\/03\/IMG-20220312-WA0017.jpg 1024w, https:\/\/acsantiago.org\/wp-content\/uploads\/2022\/03\/IMG-20220312-WA0017-300x200.jpg 300w, https:\/\/acsantiago.org\/wp-content\/uploads\/2022\/03\/IMG-20220312-WA0017-768x512.jpg 768w\" sizes=\"(max-width: 1024px) 100vw, 1024px\" \/>\t\t\t\t\t\t\t\t\t\t\t\t\t\t\t<\/div>\n\t\t\t\t<\/div>\n\t\t\t\t\t<\/div>\n\t\t<\/div>\n\t\t\t\t<div class=\"elementor-column elementor-col-25 elementor-top-column elementor-element elementor-element-aa1d4dc\" data-id=\"aa1d4dc\" data-element_type=\"column\" data-e-type=\"column\">\n\t\t\t<div class=\"elementor-widget-wrap elementor-element-populated\">\n\t\t\t\t\t\t<div class=\"elementor-element elementor-element-5ae7a37 elementor-widget elementor-widget-image\" data-id=\"5ae7a37\" data-element_type=\"widget\" data-e-type=\"widget\" data-widget_type=\"image.default\">\n\t\t\t\t<div class=\"elementor-widget-container\">\n\t\t\t\t\t\t\t\t\t\t\t\t\t\t\t<img decoding=\"async\" width=\"1024\" height=\"682\" src=\"https:\/\/acsantiago.org\/wp-content\/uploads\/2022\/03\/IMG-20220312-WA0016.jpg\" class=\"attachment-large size-large wp-image-172\" alt=\"\" srcset=\"https:\/\/acsantiago.org\/wp-content\/uploads\/2022\/03\/IMG-20220312-WA0016.jpg 1024w, https:\/\/acsantiago.org\/wp-content\/uploads\/2022\/03\/IMG-20220312-WA0016-300x200.jpg 300w, https:\/\/acsantiago.org\/wp-content\/uploads\/2022\/03\/IMG-20220312-WA0016-768x512.jpg 768w\" sizes=\"(max-width: 1024px) 100vw, 1024px\" \/>\t\t\t\t\t\t\t\t\t\t\t\t\t\t\t<\/div>\n\t\t\t\t<\/div>\n\t\t\t\t\t<\/div>\n\t\t<\/div>\n\t\t\t\t<div class=\"elementor-column elementor-col-25 elementor-top-column elementor-element elementor-element-982be1e\" data-id=\"982be1e\" data-element_type=\"column\" data-e-type=\"column\">\n\t\t\t<div class=\"elementor-widget-wrap elementor-element-populated\">\n\t\t\t\t\t\t<div class=\"elementor-element elementor-element-beebbc6 elementor-widget elementor-widget-image\" data-id=\"beebbc6\" data-element_type=\"widget\" data-e-type=\"widget\" data-widget_type=\"image.default\">\n\t\t\t\t<div class=\"elementor-widget-container\">\n\t\t\t\t\t\t\t\t\t\t\t\t\t\t\t<img loading=\"lazy\" decoding=\"async\" width=\"1024\" height=\"1024\" src=\"https:\/\/acsantiago.org\/wp-content\/uploads\/2022\/03\/IMG-20220315-WA0007-1024x1024.jpg\" class=\"attachment-large size-large wp-image-174\" alt=\"\" srcset=\"https:\/\/acsantiago.org\/wp-content\/uploads\/2022\/03\/IMG-20220315-WA0007.jpg 1024w, https:\/\/acsantiago.org\/wp-content\/uploads\/2022\/03\/IMG-20220315-WA0007-300x300.jpg 300w, https:\/\/acsantiago.org\/wp-content\/uploads\/2022\/03\/IMG-20220315-WA0007-150x150.jpg 150w, https:\/\/acsantiago.org\/wp-content\/uploads\/2022\/03\/IMG-20220315-WA0007-768x768.jpg 768w\" sizes=\"(max-width: 1024px) 100vw, 1024px\" \/>\t\t\t\t\t\t\t\t\t\t\t\t\t\t\t<\/div>\n\t\t\t\t<\/div>\n\t\t\t\t\t<\/div>\n\t\t<\/div>\n\t\t\t\t\t<\/div>\n\t\t<\/section>\n\t\t\t\t<section class=\"elementor-section elementor-top-section elementor-element elementor-element-54de1ea elementor-section-boxed elementor-section-height-default elementor-section-height-default\" data-id=\"54de1ea\" data-element_type=\"section\" data-e-type=\"section\">\n\t\t\t\t\t\t<div class=\"elementor-container elementor-column-gap-default\">\n\t\t\t\t\t<div class=\"elementor-column elementor-col-100 elementor-top-column elementor-element elementor-element-431d789\" data-id=\"431d789\" data-element_type=\"column\" data-e-type=\"column\">\n\t\t\t<div class=\"elementor-widget-wrap elementor-element-populated\">\n\t\t\t\t\t\t<div class=\"elementor-element elementor-element-26c0959 elementor-widget elementor-widget-image\" data-id=\"26c0959\" data-element_type=\"widget\" data-e-type=\"widget\" data-widget_type=\"image.default\">\n\t\t\t\t<div class=\"elementor-widget-container\">\n\t\t\t\t\t\t\t\t\t\t\t\t\t\t\t<img loading=\"lazy\" decoding=\"async\" width=\"1024\" height=\"682\" src=\"https:\/\/acsantiago.org\/wp-content\/uploads\/2022\/03\/IMG-20220312-WA0020.jpg\" class=\"attachment-large size-large wp-image-170\" alt=\"La legion\" srcset=\"https:\/\/acsantiago.org\/wp-content\/uploads\/2022\/03\/IMG-20220312-WA0020.jpg 1024w, https:\/\/acsantiago.org\/wp-content\/uploads\/2022\/03\/IMG-20220312-WA0020-300x200.jpg 300w, https:\/\/acsantiago.org\/wp-content\/uploads\/2022\/03\/IMG-20220312-WA0020-768x512.jpg 768w\" sizes=\"(max-width: 1024px) 100vw, 1024px\" \/>\t\t\t\t\t\t\t\t\t\t\t\t\t\t\t<\/div>\n\t\t\t\t<\/div>\n\t\t\t\t\t<\/div>\n\t\t<\/div>\n\t\t\t\t\t<\/div>\n\t\t<\/section>\n\t\t\t\t<\/div>\n\t\t","protected":false},"excerpt":{"rendered":"<p>2.- Acto en la Brigada de la Legi\u00f3n Rey Alfonso XIII (MARZO 2022) El pasado 11 de Marzo tuvo lugar en la Brigada de la Legi\u00f3n Rey Alfonso XIII, la entrega de la replica del cuadro del centenario a cargo de la Asociaci\u00f3n Nacional de Legionarios de Honor \u201cOrtega Munilla\u201d. El acto fue presidido por [&hellip;]<\/p>\n","protected":false},"author":1,"featured_media":0,"parent":0,"menu_order":0,"comment_status":"closed","ping_status":"closed","template":"","meta":{"site-sidebar-layout":"no-sidebar","site-content-layout":"page-builder","ast-site-content-layout":"default","site-content-style":"default","site-sidebar-style":"default","ast-global-header-display":"","ast-banner-title-visibility":"","ast-main-header-display":"","ast-hfb-above-header-display":"","ast-hfb-below-header-display":"","ast-hfb-mobile-header-display":"","site-post-title":"disabled","ast-breadcrumbs-content":"","ast-featured-img":"disabled","footer-sml-layout":"","ast-disable-related-posts":"","theme-transparent-header-meta":"","adv-header-id-meta":"","stick-header-meta":"","header-above-stick-meta":"","header-main-stick-meta":"","header-below-stick-meta":"","astra-migrate-meta-layouts":"default","ast-page-background-enabled":"default","ast-page-background-meta":{"desktop":{"background-color":"var(--ast-global-color-4)","background-image":"","background-repeat":"repeat","background-position":"center center","background-size":"auto","background-attachment":"scroll","background-type":"","background-media":"","overlay-type":"","overlay-color":"","overlay-opacity":"","overlay-gradient":""},"tablet":{"background-color":"","background-image":"","background-repeat":"repeat","background-position":"center center","background-size":"auto","background-attachment":"scroll","background-type":"","background-media":"","overlay-type":"","overlay-color":"","overlay-opacity":"","overlay-gradient":""},"mobile":{"background-color":"","background-image":"","background-repeat":"repeat","background-position":"center center","background-size":"auto","background-attachment":"scroll","background-type":"","background-media":"","overlay-type":"","overlay-color":"","overlay-opacity":"","overlay-gradient":""}},"ast-content-background-meta":{"desktop":{"background-color":"var(--ast-global-color-5)","background-image":"","background-repeat":"repeat","background-position":"center center","background-size":"auto","background-attachment":"scroll","background-type":"","background-media":"","overlay-type":"","overlay-color":"","overlay-opacity":"","overlay-gradient":""},"tablet":{"background-color":"var(--ast-global-color-5)","background-image":"","background-repeat":"repeat","background-position":"center center","background-size":"auto","background-attachment":"scroll","background-type":"","background-media":"","overlay-type":"","overlay-color":"","overlay-opacity":"","overlay-gradient":""},"mobile":{"background-color":"var(--ast-global-color-5)","background-image":"","background-repeat":"repeat","background-position":"center center","background-size":"auto","background-attachment":"scroll","background-type":"","background-media":"","overlay-type":"","overlay-color":"","overlay-opacity":"","overlay-gradient":""}},"footnotes":""},"class_list":["post-835","page","type-page","status-publish","hentry"],"yoast_head":"<!-- This site is optimized with the Yoast SEO plugin v27.4 - https:\/\/yoast.com\/product\/yoast-seo-wordpress\/ -->\n<title>2.- Acto en la Brigada de la Legi\u00f3n Rey Alfonso XIII (Marzo 2022) - Asociaci\u00f3n Cultural Santiago<\/title>\n<meta name=\"robots\" content=\"index, follow, max-snippet:-1, max-image-preview:large, max-video-preview:-1\" \/>\n<link rel=\"canonical\" href=\"https:\/\/acsantiago.org\/index.php\/elementor-835\/\" \/>\n<meta property=\"og:locale\" content=\"es_ES\" \/>\n<meta property=\"og:type\" content=\"article\" \/>\n<meta property=\"og:title\" content=\"2.- Acto en la Brigada de la Legi\u00f3n Rey Alfonso XIII (Marzo 2022) - Asociaci\u00f3n Cultural Santiago\" \/>\n<meta property=\"og:description\" content=\"2.- Acto en la Brigada de la Legi\u00f3n Rey Alfonso XIII (MARZO 2022) El pasado 11 de Marzo tuvo lugar en la Brigada de la Legi\u00f3n Rey Alfonso XIII, la entrega de la replica del cuadro del centenario a cargo de la Asociaci\u00f3n Nacional de Legionarios de Honor \u201cOrtega Munilla\u201d. El acto fue presidido por [&hellip;]\" \/>\n<meta property=\"og:url\" content=\"https:\/\/acsantiago.org\/index.php\/elementor-835\/\" \/>\n<meta property=\"og:site_name\" content=\"Asociaci\u00f3n Cultural Santiago\" \/>\n<meta property=\"article:modified_time\" content=\"2022-05-24T14:14:00+00:00\" \/>\n<meta property=\"og:image\" content=\"https:\/\/acsantiago.org\/wp-content\/uploads\/2022\/03\/IMG-20220312-WA0019.jpg\" \/>\n<meta name=\"twitter:card\" content=\"summary_large_image\" \/>\n<meta name=\"twitter:label1\" content=\"Tiempo de lectura\" \/>\n\t<meta name=\"twitter:data1\" content=\"2 minutos\" \/>\n<script type=\"application\/ld+json\" class=\"yoast-schema-graph\">{\"@context\":\"https:\\\/\\\/schema.org\",\"@graph\":[{\"@type\":\"WebPage\",\"@id\":\"https:\\\/\\\/acsantiago.org\\\/index.php\\\/elementor-835\\\/\",\"url\":\"https:\\\/\\\/acsantiago.org\\\/index.php\\\/elementor-835\\\/\",\"name\":\"2.- Acto en la Brigada de la Legi\u00f3n Rey Alfonso XIII (Marzo 2022) - Asociaci\u00f3n Cultural Santiago\",\"isPartOf\":{\"@id\":\"https:\\\/\\\/acsantiago.org\\\/#website\"},\"primaryImageOfPage\":{\"@id\":\"https:\\\/\\\/acsantiago.org\\\/index.php\\\/elementor-835\\\/#primaryimage\"},\"image\":{\"@id\":\"https:\\\/\\\/acsantiago.org\\\/index.php\\\/elementor-835\\\/#primaryimage\"},\"thumbnailUrl\":\"https:\\\/\\\/acsantiago.org\\\/wp-content\\\/uploads\\\/2022\\\/03\\\/IMG-20220312-WA0019.jpg\",\"datePublished\":\"2022-04-25T15:58:33+00:00\",\"dateModified\":\"2022-05-24T14:14:00+00:00\",\"breadcrumb\":{\"@id\":\"https:\\\/\\\/acsantiago.org\\\/index.php\\\/elementor-835\\\/#breadcrumb\"},\"inLanguage\":\"es\",\"potentialAction\":[{\"@type\":\"ReadAction\",\"target\":[\"https:\\\/\\\/acsantiago.org\\\/index.php\\\/elementor-835\\\/\"]}]},{\"@type\":\"ImageObject\",\"inLanguage\":\"es\",\"@id\":\"https:\\\/\\\/acsantiago.org\\\/index.php\\\/elementor-835\\\/#primaryimage\",\"url\":\"https:\\\/\\\/acsantiago.org\\\/wp-content\\\/uploads\\\/2022\\\/03\\\/IMG-20220312-WA0019.jpg\",\"contentUrl\":\"https:\\\/\\\/acsantiago.org\\\/wp-content\\\/uploads\\\/2022\\\/03\\\/IMG-20220312-WA0019.jpg\",\"width\":1024,\"height\":682},{\"@type\":\"BreadcrumbList\",\"@id\":\"https:\\\/\\\/acsantiago.org\\\/index.php\\\/elementor-835\\\/#breadcrumb\",\"itemListElement\":[{\"@type\":\"ListItem\",\"position\":1,\"name\":\"Portada\",\"item\":\"https:\\\/\\\/acsantiago.org\\\/\"},{\"@type\":\"ListItem\",\"position\":2,\"name\":\"2.- Acto en la Brigada de la Legi\u00f3n Rey Alfonso XIII (Marzo 2022)\"}]},{\"@type\":\"WebSite\",\"@id\":\"https:\\\/\\\/acsantiago.org\\\/#website\",\"url\":\"https:\\\/\\\/acsantiago.org\\\/\",\"name\":\"Asociaci\u00f3n Cultural Santiago\",\"description\":\"Just another WordPress site\",\"publisher\":{\"@id\":\"https:\\\/\\\/acsantiago.org\\\/#organization\"},\"potentialAction\":[{\"@type\":\"SearchAction\",\"target\":{\"@type\":\"EntryPoint\",\"urlTemplate\":\"https:\\\/\\\/acsantiago.org\\\/?s={search_term_string}\"},\"query-input\":{\"@type\":\"PropertyValueSpecification\",\"valueRequired\":true,\"valueName\":\"search_term_string\"}}],\"inLanguage\":\"es\"},{\"@type\":\"Organization\",\"@id\":\"https:\\\/\\\/acsantiago.org\\\/#organization\",\"name\":\"Asociaci\u00f3n Cultural Santiago\",\"url\":\"https:\\\/\\\/acsantiago.org\\\/\",\"logo\":{\"@type\":\"ImageObject\",\"inLanguage\":\"es\",\"@id\":\"https:\\\/\\\/acsantiago.org\\\/#\\\/schema\\\/logo\\\/image\\\/\",\"url\":\"https:\\\/\\\/acsantiago.org\\\/wp-content\\\/uploads\\\/2022\\\/02\\\/cropped-cropped-IMG-20220131-WA0001-2.jpg\",\"contentUrl\":\"https:\\\/\\\/acsantiago.org\\\/wp-content\\\/uploads\\\/2022\\\/02\\\/cropped-cropped-IMG-20220131-WA0001-2.jpg\",\"width\":1039,\"height\":989,\"caption\":\"Asociaci\u00f3n Cultural Santiago\"},\"image\":{\"@id\":\"https:\\\/\\\/acsantiago.org\\\/#\\\/schema\\\/logo\\\/image\\\/\"}}]}<\/script>\n<!-- \/ Yoast SEO plugin. -->","yoast_head_json":{"title":"2.- Acto en la Brigada de la Legi\u00f3n Rey Alfonso XIII (Marzo 2022) - Asociaci\u00f3n Cultural Santiago","robots":{"index":"index","follow":"follow","max-snippet":"max-snippet:-1","max-image-preview":"max-image-preview:large","max-video-preview":"max-video-preview:-1"},"canonical":"https:\/\/acsantiago.org\/index.php\/elementor-835\/","og_locale":"es_ES","og_type":"article","og_title":"2.- Acto en la Brigada de la Legi\u00f3n Rey Alfonso XIII (Marzo 2022) - Asociaci\u00f3n Cultural Santiago","og_description":"2.- Acto en la Brigada de la Legi\u00f3n Rey Alfonso XIII (MARZO 2022) El pasado 11 de Marzo tuvo lugar en la Brigada de la Legi\u00f3n Rey Alfonso XIII, la entrega de la replica del cuadro del centenario a cargo de la Asociaci\u00f3n Nacional de Legionarios de Honor \u201cOrtega Munilla\u201d. El acto fue presidido por [&hellip;]","og_url":"https:\/\/acsantiago.org\/index.php\/elementor-835\/","og_site_name":"Asociaci\u00f3n Cultural Santiago","article_modified_time":"2022-05-24T14:14:00+00:00","og_image":[{"url":"https:\/\/acsantiago.org\/wp-content\/uploads\/2022\/03\/IMG-20220312-WA0019.jpg","type":"","width":"","height":""}],"twitter_card":"summary_large_image","twitter_misc":{"Tiempo de lectura":"2 minutos"},"schema":{"@context":"https:\/\/schema.org","@graph":[{"@type":"WebPage","@id":"https:\/\/acsantiago.org\/index.php\/elementor-835\/","url":"https:\/\/acsantiago.org\/index.php\/elementor-835\/","name":"2.- Acto en la Brigada de la Legi\u00f3n Rey Alfonso XIII (Marzo 2022) - Asociaci\u00f3n Cultural Santiago","isPartOf":{"@id":"https:\/\/acsantiago.org\/#website"},"primaryImageOfPage":{"@id":"https:\/\/acsantiago.org\/index.php\/elementor-835\/#primaryimage"},"image":{"@id":"https:\/\/acsantiago.org\/index.php\/elementor-835\/#primaryimage"},"thumbnailUrl":"https:\/\/acsantiago.org\/wp-content\/uploads\/2022\/03\/IMG-20220312-WA0019.jpg","datePublished":"2022-04-25T15:58:33+00:00","dateModified":"2022-05-24T14:14:00+00:00","breadcrumb":{"@id":"https:\/\/acsantiago.org\/index.php\/elementor-835\/#breadcrumb"},"inLanguage":"es","potentialAction":[{"@type":"ReadAction","target":["https:\/\/acsantiago.org\/index.php\/elementor-835\/"]}]},{"@type":"ImageObject","inLanguage":"es","@id":"https:\/\/acsantiago.org\/index.php\/elementor-835\/#primaryimage","url":"https:\/\/acsantiago.org\/wp-content\/uploads\/2022\/03\/IMG-20220312-WA0019.jpg","contentUrl":"https:\/\/acsantiago.org\/wp-content\/uploads\/2022\/03\/IMG-20220312-WA0019.jpg","width":1024,"height":682},{"@type":"BreadcrumbList","@id":"https:\/\/acsantiago.org\/index.php\/elementor-835\/#breadcrumb","itemListElement":[{"@type":"ListItem","position":1,"name":"Portada","item":"https:\/\/acsantiago.org\/"},{"@type":"ListItem","position":2,"name":"2.- Acto en la Brigada de la Legi\u00f3n Rey Alfonso XIII (Marzo 2022)"}]},{"@type":"WebSite","@id":"https:\/\/acsantiago.org\/#website","url":"https:\/\/acsantiago.org\/","name":"Asociaci\u00f3n Cultural Santiago","description":"Just another WordPress site","publisher":{"@id":"https:\/\/acsantiago.org\/#organization"},"potentialAction":[{"@type":"SearchAction","target":{"@type":"EntryPoint","urlTemplate":"https:\/\/acsantiago.org\/?s={search_term_string}"},"query-input":{"@type":"PropertyValueSpecification","valueRequired":true,"valueName":"search_term_string"}}],"inLanguage":"es"},{"@type":"Organization","@id":"https:\/\/acsantiago.org\/#organization","name":"Asociaci\u00f3n Cultural Santiago","url":"https:\/\/acsantiago.org\/","logo":{"@type":"ImageObject","inLanguage":"es","@id":"https:\/\/acsantiago.org\/#\/schema\/logo\/image\/","url":"https:\/\/acsantiago.org\/wp-content\/uploads\/2022\/02\/cropped-cropped-IMG-20220131-WA0001-2.jpg","contentUrl":"https:\/\/acsantiago.org\/wp-content\/uploads\/2022\/02\/cropped-cropped-IMG-20220131-WA0001-2.jpg","width":1039,"height":989,"caption":"Asociaci\u00f3n Cultural Santiago"},"image":{"@id":"https:\/\/acsantiago.org\/#\/schema\/logo\/image\/"}}]}},"amp_enabled":true,"_links":{"self":[{"href":"https:\/\/acsantiago.org\/index.php\/wp-json\/wp\/v2\/pages\/835","targetHints":{"allow":["GET"]}}],"collection":[{"href":"https:\/\/acsantiago.org\/index.php\/wp-json\/wp\/v2\/pages"}],"about":[{"href":"https:\/\/acsantiago.org\/index.php\/wp-json\/wp\/v2\/types\/page"}],"author":[{"embeddable":true,"href":"https:\/\/acsantiago.org\/index.php\/wp-json\/wp\/v2\/users\/1"}],"replies":[{"embeddable":true,"href":"https:\/\/acsantiago.org\/index.php\/wp-json\/wp\/v2\/comments?post=835"}],"version-history":[{"count":21,"href":"https:\/\/acsantiago.org\/index.php\/wp-json\/wp\/v2\/pages\/835\/revisions"}],"predecessor-version":[{"id":1273,"href":"https:\/\/acsantiago.org\/index.php\/wp-json\/wp\/v2\/pages\/835\/revisions\/1273"}],"wp:attachment":[{"href":"https:\/\/acsantiago.org\/index.php\/wp-json\/wp\/v2\/media?parent=835"}],"curies":[{"name":"wp","href":"https:\/\/api.w.org\/{rel}","templated":true}]}}