{"id":2019,"date":"2022-11-29T15:40:40","date_gmt":"2022-11-29T15:40:40","guid":{"rendered":"https:\/\/acsantiago.org\/?page_id=2019"},"modified":"2022-12-19T16:43:01","modified_gmt":"2022-12-19T16:43:01","slug":"asociacion-de-veteranos-paracaidistas-de-cantabria","status":"publish","type":"page","link":"https:\/\/acsantiago.org\/index.php\/asociacion-de-veteranos-paracaidistas-de-cantabria\/","title":{"rendered":"Veteranos paracaidistas de Cantabria"},"content":{"rendered":"\t\t<div data-elementor-type=\"wp-page\" data-elementor-id=\"2019\" class=\"elementor elementor-2019\">\n\t\t\t\t\t\t<section class=\"elementor-section elementor-top-section elementor-element elementor-element-e16e038 elementor-section-boxed elementor-section-height-default elementor-section-height-default\" data-id=\"e16e038\" data-element_type=\"section\" data-e-type=\"section\">\n\t\t\t\t\t\t<div class=\"elementor-container elementor-column-gap-default\">\n\t\t\t\t\t<div class=\"elementor-column elementor-col-100 elementor-top-column elementor-element elementor-element-0020425\" data-id=\"0020425\" data-element_type=\"column\" data-e-type=\"column\">\n\t\t\t<div class=\"elementor-widget-wrap elementor-element-populated\">\n\t\t\t\t\t\t<div class=\"elementor-element elementor-element-f73c2af elementor-widget elementor-widget-heading\" data-id=\"f73c2af\" data-element_type=\"widget\" data-e-type=\"widget\" data-widget_type=\"heading.default\">\n\t\t\t\t<div class=\"elementor-widget-container\">\n\t\t\t\t\t<h2 class=\"elementor-heading-title elementor-size-default\">Conmemoraci\u00f3n del LXV Aniversario del fallecimiento en acci\u00f3n de guerra del laureado Teniente Ortiz de Z\u00e1rate.<\/h2>\t\t\t\t<\/div>\n\t\t\t\t<\/div>\n\t\t\t\t\t<\/div>\n\t\t<\/div>\n\t\t\t\t\t<\/div>\n\t\t<\/section>\n\t\t\t\t<section class=\"elementor-section elementor-top-section elementor-element elementor-element-08b5428 elementor-section-boxed elementor-section-height-default elementor-section-height-default\" data-id=\"08b5428\" data-element_type=\"section\" data-e-type=\"section\">\n\t\t\t\t\t\t<div class=\"elementor-container elementor-column-gap-default\">\n\t\t\t\t\t<div class=\"elementor-column elementor-col-50 elementor-top-column elementor-element elementor-element-64e06ae\" data-id=\"64e06ae\" data-element_type=\"column\" data-e-type=\"column\">\n\t\t\t<div class=\"elementor-widget-wrap elementor-element-populated\">\n\t\t\t\t\t\t<div class=\"elementor-element elementor-element-401eb42 elementor-widget elementor-widget-image\" data-id=\"401eb42\" data-element_type=\"widget\" data-e-type=\"widget\" data-widget_type=\"image.default\">\n\t\t\t\t<div class=\"elementor-widget-container\">\n\t\t\t\t\t\t\t\t\t\t\t\t\t\t\t<img fetchpriority=\"high\" decoding=\"async\" width=\"768\" height=\"1024\" src=\"https:\/\/acsantiago.org\/wp-content\/uploads\/2022\/12\/IMG-20221127-WA0061-768x1024.jpg\" class=\"attachment-large size-large wp-image-2083\" alt=\"\" srcset=\"https:\/\/acsantiago.org\/wp-content\/uploads\/2022\/12\/IMG-20221127-WA0061-768x1024.jpg 768w, https:\/\/acsantiago.org\/wp-content\/uploads\/2022\/12\/IMG-20221127-WA0061-225x300.jpg 225w, https:\/\/acsantiago.org\/wp-content\/uploads\/2022\/12\/IMG-20221127-WA0061-1152x1536.jpg 1152w, https:\/\/acsantiago.org\/wp-content\/uploads\/2022\/12\/IMG-20221127-WA0061.jpg 1512w\" sizes=\"(max-width: 768px) 100vw, 768px\" \/>\t\t\t\t\t\t\t\t\t\t\t\t\t\t\t<\/div>\n\t\t\t\t<\/div>\n\t\t\t\t\t<\/div>\n\t\t<\/div>\n\t\t\t\t<div class=\"elementor-column elementor-col-50 elementor-top-column elementor-element elementor-element-c632a67\" data-id=\"c632a67\" data-element_type=\"column\" data-e-type=\"column\">\n\t\t\t<div class=\"elementor-widget-wrap elementor-element-populated\">\n\t\t\t\t\t\t<div class=\"elementor-element elementor-element-2583189 elementor-widget elementor-widget-text-editor\" data-id=\"2583189\" data-element_type=\"widget\" data-e-type=\"widget\" data-widget_type=\"text-editor.default\">\n\t\t\t\t<div class=\"elementor-widget-container\">\n\t\t\t\t\t\t\t\t\t<h4>Homenaje recuerdo Teniente Caballero Legionario Paracaidista Ortiz de Z\u00e1rate.<\/h4><h4>El pasado s\u00e1bado d\u00eda 26 de noviembre en la localidad de Comillas se celebr\u00f3 el acto de recuerdo y homenaje al Tte Caballero Legionario Paracaidista Ortiz de Z\u00e1rate y S\u00e1nchez de Movellan, muerto en combate en la campa\u00f1a de Ifni.<\/h4><h4>El acto estuvo presidido por el Presidente de Fenaspe General de Divisi\u00f3n, Excmo. Sr. D. J. Cifuentes, la alcaldesa de Comillas D\u00f1a. Mar\u00eda Teresa Noceda y el Pte de la Asociaci\u00f3n de Veteranos Paracaidistas de Cantabria D. Javier Zamanillo.<\/h4><h4>As\u00ed mismo, se encontraban presentes el Delegado de Defensa en Cantabria Coronel D. Emiliano Blanco, el Presidente de hermandad de Veteranos, Coronel D. Juan Carlos Cerrato, as\u00ed como diversos presidentes y miembros de asociaciones vinculadas a las fuerzas armadas y fuerzas y cuerpos de seguridad del Estado como colegios profesionales.<\/h4><h4>Los actos comenzaron con la celebraci\u00f3n de una solemne Misa en la Iglesia Parroquial de Comillas y a la que le sigui\u00f3 la ofrenda de una corona de laurel en el cementerio de la localidad en el cual se encuentra la tumba del h\u00e9roe.<\/h4><h4>\u00a0<\/h4>\t\t\t\t\t\t\t\t<\/div>\n\t\t\t\t<\/div>\n\t\t\t\t\t<\/div>\n\t\t<\/div>\n\t\t\t\t\t<\/div>\n\t\t<\/section>\n\t\t\t\t<section class=\"elementor-section elementor-top-section elementor-element elementor-element-ed10860 elementor-section-boxed elementor-section-height-default elementor-section-height-default\" data-id=\"ed10860\" data-element_type=\"section\" data-e-type=\"section\">\n\t\t\t\t\t\t<div class=\"elementor-container elementor-column-gap-default\">\n\t\t\t\t\t<div class=\"elementor-column elementor-col-50 elementor-top-column elementor-element elementor-element-2da429c\" data-id=\"2da429c\" data-element_type=\"column\" data-e-type=\"column\">\n\t\t\t<div class=\"elementor-widget-wrap elementor-element-populated\">\n\t\t\t\t\t\t<div class=\"elementor-element elementor-element-ba8826d elementor-widget elementor-widget-text-editor\" data-id=\"ba8826d\" data-element_type=\"widget\" data-e-type=\"widget\" data-widget_type=\"text-editor.default\">\n\t\t\t\t<div class=\"elementor-widget-container\">\n\t\t\t\t\t\t\t\t\t<h4>El recorrido hacia el campo santo estuvo franqueado por todos los guiones de las diversas asociaciones paracaidistas y de veteranos de las fuerzas armadas, destacando entre ellos el de la bandera paracaidista Ortiz de Zarate, con un piquete de la Bripac.<\/h4><h4>Los actos terminaron con una comida de hermandad, que finaliz\u00f3 con los brindis de rigor.<\/h4><h4>Dado lo impresionante y emotivo del acto en el reconocimiento a un h\u00e9roe espa\u00f1ol ca\u00eddo en combate en acto de servicio se acompa\u00f1a reportaje fotogr\u00e1fico del mismo, anunci\u00e1ndose desde ya que en pr\u00f3ximas fechas, ser\u00e1 ampliado; y solicitando se le d\u00e9 la m\u00e1xima difusi\u00f3n.<\/h4><h4>Desde esta p\u00e1gina queremos mostrar nuestra admiraci\u00f3n por tan impecable acto y la felicitaci\u00f3n a todos los que lo han hecho posible y con ello recordar una brillante p\u00e1gina de la historia de Espa\u00f1a y de las fuerzas paracaidistas.<\/h4>\t\t\t\t\t\t\t\t<\/div>\n\t\t\t\t<\/div>\n\t\t\t\t\t<\/div>\n\t\t<\/div>\n\t\t\t\t<div class=\"elementor-column elementor-col-50 elementor-top-column elementor-element elementor-element-647b418\" data-id=\"647b418\" data-element_type=\"column\" data-e-type=\"column\">\n\t\t\t<div class=\"elementor-widget-wrap elementor-element-populated\">\n\t\t\t\t\t\t\t<\/div>\n\t\t<\/div>\n\t\t\t\t\t<\/div>\n\t\t<\/section>\n\t\t\t\t<\/div>\n\t\t","protected":false},"excerpt":{"rendered":"<p>Conmemoraci\u00f3n del LXV Aniversario del fallecimiento en acci\u00f3n de guerra del laureado Teniente Ortiz de Z\u00e1rate. Homenaje recuerdo Teniente Caballero Legionario Paracaidista Ortiz de Z\u00e1rate. El pasado s\u00e1bado d\u00eda 26 de noviembre en la localidad de Comillas se celebr\u00f3 el acto de recuerdo y homenaje al Tte Caballero Legionario Paracaidista Ortiz de Z\u00e1rate y S\u00e1nchez [&hellip;]<\/p>\n","protected":false},"author":1,"featured_media":0,"parent":0,"menu_order":0,"comment_status":"closed","ping_status":"closed","template":"","meta":{"site-sidebar-layout":"no-sidebar","site-content-layout":"page-builder","ast-site-content-layout":"default","site-content-style":"default","site-sidebar-style":"default","ast-global-header-display":"","ast-banner-title-visibility":"","ast-main-header-display":"","ast-hfb-above-header-display":"","ast-hfb-below-header-display":"","ast-hfb-mobile-header-display":"","site-post-title":"disabled","ast-breadcrumbs-content":"","ast-featured-img":"disabled","footer-sml-layout":"","ast-disable-related-posts":"","theme-transparent-header-meta":"","adv-header-id-meta":"","stick-header-meta":"","header-above-stick-meta":"","header-main-stick-meta":"","header-below-stick-meta":"","astra-migrate-meta-layouts":"default","ast-page-background-enabled":"default","ast-page-background-meta":{"desktop":{"background-color":"var(--ast-global-color-4)","background-image":"","background-repeat":"repeat","background-position":"center center","background-size":"auto","background-attachment":"scroll","background-type":"","background-media":"","overlay-type":"","overlay-color":"","overlay-opacity":"","overlay-gradient":""},"tablet":{"background-color":"","background-image":"","background-repeat":"repeat","background-position":"center center","background-size":"auto","background-attachment":"scroll","background-type":"","background-media":"","overlay-type":"","overlay-color":"","overlay-opacity":"","overlay-gradient":""},"mobile":{"background-color":"","background-image":"","background-repeat":"repeat","background-position":"center center","background-size":"auto","background-attachment":"scroll","background-type":"","background-media":"","overlay-type":"","overlay-color":"","overlay-opacity":"","overlay-gradient":""}},"ast-content-background-meta":{"desktop":{"background-color":"var(--ast-global-color-5)","background-image":"","background-repeat":"repeat","background-position":"center center","background-size":"auto","background-attachment":"scroll","background-type":"","background-media":"","overlay-type":"","overlay-color":"","overlay-opacity":"","overlay-gradient":""},"tablet":{"background-color":"var(--ast-global-color-5)","background-image":"","background-repeat":"repeat","background-position":"center center","background-size":"auto","background-attachment":"scroll","background-type":"","background-media":"","overlay-type":"","overlay-color":"","overlay-opacity":"","overlay-gradient":""},"mobile":{"background-color":"var(--ast-global-color-5)","background-image":"","background-repeat":"repeat","background-position":"center center","background-size":"auto","background-attachment":"scroll","background-type":"","background-media":"","overlay-type":"","overlay-color":"","overlay-opacity":"","overlay-gradient":""}},"footnotes":""},"class_list":["post-2019","page","type-page","status-publish","hentry"],"yoast_head":"<!-- This site is optimized with the Yoast SEO plugin v27.5 - https:\/\/yoast.com\/product\/yoast-seo-wordpress\/ -->\n<title>Veteranos paracaidistas de Cantabria - Asociaci\u00f3n Cultural Santiago<\/title>\n<meta name=\"robots\" content=\"index, follow, max-snippet:-1, max-image-preview:large, max-video-preview:-1\" \/>\n<link rel=\"canonical\" href=\"https:\/\/acsantiago.org\/index.php\/asociacion-de-veteranos-paracaidistas-de-cantabria\/\" \/>\n<meta property=\"og:locale\" content=\"es_ES\" \/>\n<meta property=\"og:type\" content=\"article\" \/>\n<meta property=\"og:title\" content=\"Veteranos paracaidistas de Cantabria - Asociaci\u00f3n Cultural Santiago\" \/>\n<meta property=\"og:description\" content=\"Conmemoraci\u00f3n del LXV Aniversario del fallecimiento en acci\u00f3n de guerra del laureado Teniente Ortiz de Z\u00e1rate. Homenaje recuerdo Teniente Caballero Legionario Paracaidista Ortiz de Z\u00e1rate. El pasado s\u00e1bado d\u00eda 26 de noviembre en la localidad de Comillas se celebr\u00f3 el acto de recuerdo y homenaje al Tte Caballero Legionario Paracaidista Ortiz de Z\u00e1rate y S\u00e1nchez [&hellip;]\" \/>\n<meta property=\"og:url\" content=\"https:\/\/acsantiago.org\/index.php\/asociacion-de-veteranos-paracaidistas-de-cantabria\/\" \/>\n<meta property=\"og:site_name\" content=\"Asociaci\u00f3n Cultural Santiago\" \/>\n<meta property=\"article:modified_time\" content=\"2022-12-19T16:43:01+00:00\" \/>\n<meta property=\"og:image\" content=\"https:\/\/acsantiago.org\/wp-content\/uploads\/2022\/12\/IMG-20221127-WA0061-768x1024.jpg\" \/>\n<meta name=\"twitter:card\" content=\"summary_large_image\" \/>\n<meta name=\"twitter:label1\" content=\"Tiempo de lectura\" \/>\n\t<meta name=\"twitter:data1\" content=\"2 minutos\" \/>\n<script type=\"application\/ld+json\" class=\"yoast-schema-graph\">{\"@context\":\"https:\\\/\\\/schema.org\",\"@graph\":[{\"@type\":\"WebPage\",\"@id\":\"https:\\\/\\\/acsantiago.org\\\/index.php\\\/asociacion-de-veteranos-paracaidistas-de-cantabria\\\/\",\"url\":\"https:\\\/\\\/acsantiago.org\\\/index.php\\\/asociacion-de-veteranos-paracaidistas-de-cantabria\\\/\",\"name\":\"Veteranos paracaidistas de Cantabria - Asociaci\u00f3n Cultural Santiago\",\"isPartOf\":{\"@id\":\"https:\\\/\\\/acsantiago.org\\\/#website\"},\"primaryImageOfPage\":{\"@id\":\"https:\\\/\\\/acsantiago.org\\\/index.php\\\/asociacion-de-veteranos-paracaidistas-de-cantabria\\\/#primaryimage\"},\"image\":{\"@id\":\"https:\\\/\\\/acsantiago.org\\\/index.php\\\/asociacion-de-veteranos-paracaidistas-de-cantabria\\\/#primaryimage\"},\"thumbnailUrl\":\"https:\\\/\\\/acsantiago.org\\\/wp-content\\\/uploads\\\/2022\\\/12\\\/IMG-20221127-WA0061-768x1024.jpg\",\"datePublished\":\"2022-11-29T15:40:40+00:00\",\"dateModified\":\"2022-12-19T16:43:01+00:00\",\"breadcrumb\":{\"@id\":\"https:\\\/\\\/acsantiago.org\\\/index.php\\\/asociacion-de-veteranos-paracaidistas-de-cantabria\\\/#breadcrumb\"},\"inLanguage\":\"es\",\"potentialAction\":[{\"@type\":\"ReadAction\",\"target\":[\"https:\\\/\\\/acsantiago.org\\\/index.php\\\/asociacion-de-veteranos-paracaidistas-de-cantabria\\\/\"]}]},{\"@type\":\"ImageObject\",\"inLanguage\":\"es\",\"@id\":\"https:\\\/\\\/acsantiago.org\\\/index.php\\\/asociacion-de-veteranos-paracaidistas-de-cantabria\\\/#primaryimage\",\"url\":\"https:\\\/\\\/acsantiago.org\\\/wp-content\\\/uploads\\\/2022\\\/12\\\/IMG-20221127-WA0061-768x1024.jpg\",\"contentUrl\":\"https:\\\/\\\/acsantiago.org\\\/wp-content\\\/uploads\\\/2022\\\/12\\\/IMG-20221127-WA0061-768x1024.jpg\"},{\"@type\":\"BreadcrumbList\",\"@id\":\"https:\\\/\\\/acsantiago.org\\\/index.php\\\/asociacion-de-veteranos-paracaidistas-de-cantabria\\\/#breadcrumb\",\"itemListElement\":[{\"@type\":\"ListItem\",\"position\":1,\"name\":\"Portada\",\"item\":\"https:\\\/\\\/acsantiago.org\\\/\"},{\"@type\":\"ListItem\",\"position\":2,\"name\":\"Veteranos paracaidistas de Cantabria\"}]},{\"@type\":\"WebSite\",\"@id\":\"https:\\\/\\\/acsantiago.org\\\/#website\",\"url\":\"https:\\\/\\\/acsantiago.org\\\/\",\"name\":\"Asociaci\u00f3n Cultural Santiago\",\"description\":\"Just another WordPress site\",\"publisher\":{\"@id\":\"https:\\\/\\\/acsantiago.org\\\/#organization\"},\"potentialAction\":[{\"@type\":\"SearchAction\",\"target\":{\"@type\":\"EntryPoint\",\"urlTemplate\":\"https:\\\/\\\/acsantiago.org\\\/?s={search_term_string}\"},\"query-input\":{\"@type\":\"PropertyValueSpecification\",\"valueRequired\":true,\"valueName\":\"search_term_string\"}}],\"inLanguage\":\"es\"},{\"@type\":\"Organization\",\"@id\":\"https:\\\/\\\/acsantiago.org\\\/#organization\",\"name\":\"Asociaci\u00f3n Cultural Santiago\",\"url\":\"https:\\\/\\\/acsantiago.org\\\/\",\"logo\":{\"@type\":\"ImageObject\",\"inLanguage\":\"es\",\"@id\":\"https:\\\/\\\/acsantiago.org\\\/#\\\/schema\\\/logo\\\/image\\\/\",\"url\":\"https:\\\/\\\/acsantiago.org\\\/wp-content\\\/uploads\\\/2022\\\/02\\\/cropped-cropped-IMG-20220131-WA0001-2.jpg\",\"contentUrl\":\"https:\\\/\\\/acsantiago.org\\\/wp-content\\\/uploads\\\/2022\\\/02\\\/cropped-cropped-IMG-20220131-WA0001-2.jpg\",\"width\":1039,\"height\":989,\"caption\":\"Asociaci\u00f3n Cultural Santiago\"},\"image\":{\"@id\":\"https:\\\/\\\/acsantiago.org\\\/#\\\/schema\\\/logo\\\/image\\\/\"}}]}<\/script>\n<!-- \/ Yoast SEO plugin. -->","yoast_head_json":{"title":"Veteranos paracaidistas de Cantabria - Asociaci\u00f3n Cultural Santiago","robots":{"index":"index","follow":"follow","max-snippet":"max-snippet:-1","max-image-preview":"max-image-preview:large","max-video-preview":"max-video-preview:-1"},"canonical":"https:\/\/acsantiago.org\/index.php\/asociacion-de-veteranos-paracaidistas-de-cantabria\/","og_locale":"es_ES","og_type":"article","og_title":"Veteranos paracaidistas de Cantabria - Asociaci\u00f3n Cultural Santiago","og_description":"Conmemoraci\u00f3n del LXV Aniversario del fallecimiento en acci\u00f3n de guerra del laureado Teniente Ortiz de Z\u00e1rate. Homenaje recuerdo Teniente Caballero Legionario Paracaidista Ortiz de Z\u00e1rate. El pasado s\u00e1bado d\u00eda 26 de noviembre en la localidad de Comillas se celebr\u00f3 el acto de recuerdo y homenaje al Tte Caballero Legionario Paracaidista Ortiz de Z\u00e1rate y S\u00e1nchez [&hellip;]","og_url":"https:\/\/acsantiago.org\/index.php\/asociacion-de-veteranos-paracaidistas-de-cantabria\/","og_site_name":"Asociaci\u00f3n Cultural Santiago","article_modified_time":"2022-12-19T16:43:01+00:00","og_image":[{"url":"https:\/\/acsantiago.org\/wp-content\/uploads\/2022\/12\/IMG-20221127-WA0061-768x1024.jpg","type":"","width":"","height":""}],"twitter_card":"summary_large_image","twitter_misc":{"Tiempo de lectura":"2 minutos"},"schema":{"@context":"https:\/\/schema.org","@graph":[{"@type":"WebPage","@id":"https:\/\/acsantiago.org\/index.php\/asociacion-de-veteranos-paracaidistas-de-cantabria\/","url":"https:\/\/acsantiago.org\/index.php\/asociacion-de-veteranos-paracaidistas-de-cantabria\/","name":"Veteranos paracaidistas de Cantabria - Asociaci\u00f3n Cultural Santiago","isPartOf":{"@id":"https:\/\/acsantiago.org\/#website"},"primaryImageOfPage":{"@id":"https:\/\/acsantiago.org\/index.php\/asociacion-de-veteranos-paracaidistas-de-cantabria\/#primaryimage"},"image":{"@id":"https:\/\/acsantiago.org\/index.php\/asociacion-de-veteranos-paracaidistas-de-cantabria\/#primaryimage"},"thumbnailUrl":"https:\/\/acsantiago.org\/wp-content\/uploads\/2022\/12\/IMG-20221127-WA0061-768x1024.jpg","datePublished":"2022-11-29T15:40:40+00:00","dateModified":"2022-12-19T16:43:01+00:00","breadcrumb":{"@id":"https:\/\/acsantiago.org\/index.php\/asociacion-de-veteranos-paracaidistas-de-cantabria\/#breadcrumb"},"inLanguage":"es","potentialAction":[{"@type":"ReadAction","target":["https:\/\/acsantiago.org\/index.php\/asociacion-de-veteranos-paracaidistas-de-cantabria\/"]}]},{"@type":"ImageObject","inLanguage":"es","@id":"https:\/\/acsantiago.org\/index.php\/asociacion-de-veteranos-paracaidistas-de-cantabria\/#primaryimage","url":"https:\/\/acsantiago.org\/wp-content\/uploads\/2022\/12\/IMG-20221127-WA0061-768x1024.jpg","contentUrl":"https:\/\/acsantiago.org\/wp-content\/uploads\/2022\/12\/IMG-20221127-WA0061-768x1024.jpg"},{"@type":"BreadcrumbList","@id":"https:\/\/acsantiago.org\/index.php\/asociacion-de-veteranos-paracaidistas-de-cantabria\/#breadcrumb","itemListElement":[{"@type":"ListItem","position":1,"name":"Portada","item":"https:\/\/acsantiago.org\/"},{"@type":"ListItem","position":2,"name":"Veteranos paracaidistas de Cantabria"}]},{"@type":"WebSite","@id":"https:\/\/acsantiago.org\/#website","url":"https:\/\/acsantiago.org\/","name":"Asociaci\u00f3n Cultural Santiago","description":"Just another WordPress site","publisher":{"@id":"https:\/\/acsantiago.org\/#organization"},"potentialAction":[{"@type":"SearchAction","target":{"@type":"EntryPoint","urlTemplate":"https:\/\/acsantiago.org\/?s={search_term_string}"},"query-input":{"@type":"PropertyValueSpecification","valueRequired":true,"valueName":"search_term_string"}}],"inLanguage":"es"},{"@type":"Organization","@id":"https:\/\/acsantiago.org\/#organization","name":"Asociaci\u00f3n Cultural Santiago","url":"https:\/\/acsantiago.org\/","logo":{"@type":"ImageObject","inLanguage":"es","@id":"https:\/\/acsantiago.org\/#\/schema\/logo\/image\/","url":"https:\/\/acsantiago.org\/wp-content\/uploads\/2022\/02\/cropped-cropped-IMG-20220131-WA0001-2.jpg","contentUrl":"https:\/\/acsantiago.org\/wp-content\/uploads\/2022\/02\/cropped-cropped-IMG-20220131-WA0001-2.jpg","width":1039,"height":989,"caption":"Asociaci\u00f3n Cultural Santiago"},"image":{"@id":"https:\/\/acsantiago.org\/#\/schema\/logo\/image\/"}}]}},"amp_enabled":true,"_links":{"self":[{"href":"https:\/\/acsantiago.org\/index.php\/wp-json\/wp\/v2\/pages\/2019","targetHints":{"allow":["GET"]}}],"collection":[{"href":"https:\/\/acsantiago.org\/index.php\/wp-json\/wp\/v2\/pages"}],"about":[{"href":"https:\/\/acsantiago.org\/index.php\/wp-json\/wp\/v2\/types\/page"}],"author":[{"embeddable":true,"href":"https:\/\/acsantiago.org\/index.php\/wp-json\/wp\/v2\/users\/1"}],"replies":[{"embeddable":true,"href":"https:\/\/acsantiago.org\/index.php\/wp-json\/wp\/v2\/comments?post=2019"}],"version-history":[{"count":64,"href":"https:\/\/acsantiago.org\/index.php\/wp-json\/wp\/v2\/pages\/2019\/revisions"}],"predecessor-version":[{"id":2127,"href":"https:\/\/acsantiago.org\/index.php\/wp-json\/wp\/v2\/pages\/2019\/revisions\/2127"}],"wp:attachment":[{"href":"https:\/\/acsantiago.org\/index.php\/wp-json\/wp\/v2\/media?parent=2019"}],"curies":[{"name":"wp","href":"https:\/\/api.w.org\/{rel}","templated":true}]}}