{"version":"1.0","provider_name":"Asociaci\u00f3n Cultural Santiago","provider_url":"https:\/\/acsantiago.org","author_name":"admin","author_url":"https:\/\/acsantiago.org\/index.php\/author\/pilar_acsantiago_wp\/","title":"Calendario de Eventos - Asociaci\u00f3n Cultural Santiago","type":"rich","width":600,"height":338,"html":"<blockquote class=\"wp-embedded-content\" data-secret=\"mLO30w5mf3\"><a href=\"https:\/\/acsantiago.org\/index.php\/calendario\/\">Calendario de Eventos<\/a><\/blockquote><iframe sandbox=\"allow-scripts\" security=\"restricted\" src=\"https:\/\/acsantiago.org\/index.php\/calendario\/embed\/#?secret=mLO30w5mf3\" width=\"600\" height=\"338\" title=\"\u00abCalendario de Eventos\u00bb \u2014 Asociaci\u00f3n Cultural Santiago\" data-secret=\"mLO30w5mf3\" frameborder=\"0\" marginwidth=\"0\" marginheight=\"0\" scrolling=\"no\" class=\"wp-embedded-content\"><\/iframe><script>\n\/*! This file is auto-generated *\/\n!function(d,l){\"use strict\";l.querySelector&&d.addEventListener&&\"undefined\"!=typeof URL&&(d.wp=d.wp||{},d.wp.receiveEmbedMessage||(d.wp.receiveEmbedMessage=function(e){var t=e.data;if((t||t.secret||t.message||t.value)&&!\/[^a-zA-Z0-9]\/.test(t.secret)){for(var s,r,n,a=l.querySelectorAll('iframe[data-secret=\"'+t.secret+'\"]'),o=l.querySelectorAll('blockquote[data-secret=\"'+t.secret+'\"]'),c=new RegExp(\"^https?:$\",\"i\"),i=0;i<o.length;i++)o[i].style.display=\"none\";for(i=0;i<a.length;i++)s=a[i],e.source===s.contentWindow&&(s.removeAttribute(\"style\"),\"height\"===t.message?(1e3<(r=parseInt(t.value,10))?r=1e3:~~r<200&&(r=200),s.height=r):\"link\"===t.message&&(r=new URL(s.getAttribute(\"src\")),n=new URL(t.value),c.test(n.protocol))&&n.host===r.host&&l.activeElement===s&&(d.top.location.href=t.value))}},d.addEventListener(\"message\",d.wp.receiveEmbedMessage,!1),l.addEventListener(\"DOMContentLoaded\",function(){for(var e,t,s=l.querySelectorAll(\"iframe.wp-embedded-content\"),r=0;r<s.length;r++)(t=(e=s[r]).getAttribute(\"data-secret\"))||(t=Math.random().toString(36).substring(2,12),e.src+=\"#?secret=\"+t,e.setAttribute(\"data-secret\",t)),e.contentWindow.postMessage({message:\"ready\",secret:t},\"*\")},!1)))}(window,document);\n\/\/# sourceURL=https:\/\/acsantiago.org\/wp-includes\/js\/wp-embed.min.js\n<\/script>\n","description":"NOVIEMBRE 24 de Noviembre de 2022 Asociaci\u00f3n Guipuzcoana de Veteranos de la Milicia Universitaria \u00a0 \u00a0 \u00a0 \u00a0 \u00a0 \u00a0 \u00a0 \u00a0 \u00a0 \u00a0 \u00a0\u00abDIA DE LA ASOCIACI\u00d3N\u00bb 26 de Noviembre de 2022 ASOCIACI\u00d3N DE VETERANOS PARACAIDISTAS DE CANTABRIA Conmemoraci\u00f3n del LXV Aniversario del fallecimiento en acci\u00f3n de guerra del laureado Teniente Ortiz de Z\u00e1rate. [&hellip;]","thumbnail_url":"https:\/\/acsantiago.org\/wp-content\/uploads\/2022\/11\/3-scaled.jpg"}

Asociación Cultural Santiago

Calendario de Eventos - Asociación Cultural Santiago

<blockquote class="wp-embedded-content" data-secret="mLO30w5mf3"><a href="https://acsantiago.org/index.php/calendario/">Calendario de Eventos</a></blockquote><iframe sandbox="allow-scripts" security="restricted" src="https://acsantiago.org/index.php/calendario/embed/#?secret=mLO30w5mf3" width="600" height="338" title="«Calendario de Eventos» — Asociación Cultural Santiago" data-secret="mLO30w5mf3" frameborder="0" marginwidth="0" marginheight="0" scrolling="no" class="wp-embedded-content"></iframe><script>
/*! This file is auto-generated */
!function(d,l){"use strict";l.querySelector&&d.addEventListener&&"undefined"!=typeof URL&&(d.wp=d.wp||{},d.wp.receiveEmbedMessage||(d.wp.receiveEmbedMessage=function(e){var t=e.data;if((t||t.secret||t.message||t.value)&&!/[^a-zA-Z0-9]/.test(t.secret)){for(var s,r,n,a=l.querySelectorAll('iframe[data-secret="'+t.secret+'"]'),o=l.querySelectorAll('blockquote[data-secret="'+t.secret+'"]'),c=new RegExp("^https?:$","i"),i=0;i<o.length;i++)o[i].style.display="none";for(i=0;i<a.length;i++)s=a[i],e.source===s.contentWindow&&(s.removeAttribute("style"),"height"===t.message?(1e3<(r=parseInt(t.value,10))?r=1e3:~~r<200&&(r=200),s.height=r):"link"===t.message&&(r=new URL(s.getAttribute("src")),n=new URL(t.value),c.test(n.protocol))&&n.host===r.host&&l.activeElement===s&&(d.top.location.href=t.value))}},d.addEventListener("message",d.wp.receiveEmbedMessage,!1),l.addEventListener("DOMContentLoaded",function(){for(var e,t,s=l.querySelectorAll("iframe.wp-embedded-content"),r=0;r<s.length;r++)(t=(e=s[r]).getAttribute("data-secret"))||(t=Math.random().toString(36).substring(2,12),e.src+="#?secret="+t,e.setAttribute("data-secret",t)),e.contentWindow.postMessage({message:"ready",secret:t},"*")},!1)))}(window,document);
//# sourceURL=https://acsantiago.org/wp-includes/js/wp-embed.min.js
</script>

NOVIEMBRE 24 de Noviembre de 2022 Asociación Guipuzcoana de Veteranos de la Milicia Universitaria                      «DIA DE LA ASOCIACIÓN» 26 de Noviembre de 2022 ASOCIACIÓN DE VETERANOS PARACAIDISTAS DE CANTABRIA Conmemoración del LXV Aniversario del fallecimiento en acción de guerra del laureado Teniente Ortiz de Zárate. [&hellip;]
